 119 is divided by v(-18)?
37
Let j(y) = y**2 + 8*y. Let o be j(-8). Suppose o = -2*l - l + 3. Calculate the remainder when l is divided by 5/25 - (-8)/10.
0
Let h(p) = -33*p. Let q(s) = -16*s. Let f(k) = 3*h(k) - 7*q(k). Let r be 15/21 - (-4)/14. Calculate the remainder when 25 is divided by f(r).
12
Let n = -69 + 77. What is the remainder when 29 is divided by n?
5
Calculate the remainder when 62*6/(60/5) is divided by -1*(-10 + 2/(-2)).
9
Let z = -52 + 106. What is the remainder when z is divided by 14?
12
Suppose -6*k + 1 = -5*k. Let b(g) = -9*g - 1. Calculate the remainder when (67 - -2)/3*k is divided by b(-1).
7
Let u be -2*(6/(-4) - -1). Let s = 59 - 28. What is the remainder when s is divided by (u + -12)*1/(-1)?
9
Let a = -25 + 41. Let i(c) = -8*c + 14. Calculate the remainder when i(-4) is divided by a.
14
Suppose 4*r - 5*r + 11 = 0. Let j(y) = 2*y**2 + 9*y + 2. Calculate the remainder when j(-6) is divided by r.
9
Suppose -q - 7 = -19. Calculate the remainder when 1/2 + 134/4 is divided by q.
10
Let x(r) = r**3 - 5*r**2 - 12*r + 5. Calculate the remainder when 109 is divided by x(7).
14
Suppose -2*m - 16 = -20. Calculate the remainder when m is divided by 1.
0
Suppose -11 = 4*o - 0*o + v, 0 = 3*o + 2*v + 2. Let f = o + 9. Calculate the remainder when f is divided by 2.
1
Suppose -99*a + 24 = -95*a. Calculate the remainder when a is divided by 3.
0
Let q(m) = -m**2 + 2*m + 3. Let c be q(3). Suppose -l + 2*l - 43 = c. What is the remainder when l is divided by 22?
21
Suppose 3*c + 41 = 2*a, 18 + 2 = a - 2*c. Let u(g) = g**3 + g**2 + g + 3. Let q be u(-3). Let s = q + 30. What is the remainder when a is divided by s?
10
Suppose -2*z - 58 = -198. What is the remainder when z is divided by 12?
10
Let a = 104 + -6. Calculate the remainder when a is divided by 25.
23
Let y(z) = -z**2 - 16*z - 7. What is the remainder when y(-8) is divided by 21?
15
Let r(v) = 30*v**2 + v + 1. Calculate the remainder when r(-1) is divided by 16.
14
Let b(g) = g**2 + 15*g + 16. Calculate the remainder when 28 is divided by b(-15).
12
Suppose -b = -4*p + 2*b + 159, -b - 79 = -2*p. What is the remainder when p is divided by 20?
19
Suppose 4*r = -3*v + 157, 0 = -4*r + r + v + 108. Calculate the remainder when r is divided by (-2)/(-11) - (-432)/44.
7
Suppose 3 = 3*j - 0. Suppose b = -j + 80. What is the remainder when b is divided by 27?
25
Let j(g) = g**2 + g + 4. What is the remainder when 79 is divided by j(3)?
15
Let v be 1/(-2) + (-218)/(-4). Suppose 3*r - v = -5*x, -4*r + 90 = r - 4*x. What is the remainder when 34 is divided by r?
16
Let b = -21 - -49. Calculate the remainder when b is divided by 15.
13
What is the remainder when 86 is divided by (-6)/54 + (-516)/(-27)?
10
Let m(g) = g**2 + 34 + g**2 - g**2. What is the remainder when m(0) is divided by 12?
10
Let g(l) be the third derivative of l**4/3 - 3*l**2. Let z(v) = v**2 + v + 3. Let i be z(0). Calculate the remainder when g(i) is divided by 13.
11
Let s(a) = a**3 + 10*a**2 + a + 14. Calculate the remainder when 18 is divided by s(-10).
2
Suppose -3*w + 2*r - 30 = -0*r, 2*w + 2*r = -20. Calculate the remainder when 20/50 + (-416)/w is divided by 15.
12
Let c = -13 - -27. Suppose 4*x - 106 = 2*x. Calculate the remainder when x is divided by c.
11
Let y(u) = u**3 - 8*u**2 + u - 6. Let j(o) = o + 12. Let d be j(-6). Let k be y(d). Let z = -23 - k. Calculate the remainder when z is divided by 13.
10
Let w(n) = -n**3 + n**2 + n - 4. Let d = 4 + -7. What is the remainder when 55 is divided by w(d)?
26
Suppose a + 2*a - 3*m = 21, 4*a + 4*m = 60. Let r(k) = 2*k + 2. Let g be r(6). Suppose -3*d = -143 + g. What is the remainder when d is divided by a?
10
Calculate the remainder when 7 + -4 + 46 - 1 is divided by 26.
22
Let l be 2/2 - (0 + -1). Calculate the remainder when 65 is divided by 1/((l + 0)/44).
21
Suppose 0 = -m + 3*m - 4. Calculate the remainder when 56 is divided by (3 + 16 - m) + 2.
18
Let x be -2*(-1)/(-1) + 6. Suppose x*g = 2*g + 6. Let v(a) = a**3 + 3*a**2 + 3*a - 2. What is the remainder when v(g) is divided by 21?
19
Let d be 1*-1*(-3 + -4). Let y(b) = -b**2 + 8*b - 3. Calculate the remainder when 7 is divided by y(d).
3
Let g = -11 - -5. Let z(t) = t + 1. Let v(b) = b**2 + 3*b + 5. Let n(s) = v(s) + 4*z(s). Calculate the remainder when 8 is divided by n(g).
2
Let j = -2 - -5. Suppose j*a + 0 - 6 = 0. Let l = -16 + 18. What is the remainder when a is divided by l?
0
Calculate the remainder when 22 is divided by (-56)/(-21)*(-1)/(2/(-3)).
2
Suppose 2*b - 437 = -3*h, -2*h = 2*h - 5*b - 621. Calculate the remainder when h is divided by 25.
24
Let y be 6/(-8)*(-24)/9. Suppose -7 = -y*r + 23. Calculate the remainder when 58 is divided by r.
13
Let m = 15 + 7. Calculate the remainder when 64 is divided by m.
20
Suppose 0 = -2*p - 0*p + 64. Calculate the remainder when p is divided by (414/(-8))/(-3) + (-15)/60.
15
Calculate the remainder when 41 is divided by 1*9 - (-5 + 3).
8
Let a(z) = z**2 - 5*z + 1. Let p be a(7). Suppose -2*i - x + 31 = i, 0 = i + 4*x - 14. Calculate the remainder when p/(-10)*(-76)/6 is divided by i.
9
Suppose -5*o + 20 = a, 0 = -o - 8*a + 3*a - 20. Let j = -92 + 101. Calculate the remainder when j is divided by o.
4
Let o be 3/(-2) + (-1284)/(-8). Suppose 91 = 5*t - o. Let a = -28 + 45. What is the remainder when t is divided by a?
16
Suppose 0*s - 31 = -s - 3*k, -s = -3*k - 7. What is the remainder when s is divided by (-144)/(-16) - (1 + 3)?
4
Let o be -8 + (2 - 1) - 2. Calculate the remainder when ((-3)/o - 0)*57 is divided by 7.
5
Suppose 2*b - 54 = 62. What is the remainder when b is divided by 15?
13
Let m(k) = -k**2 + 5*k + 7. Suppose -5*y + 0*s + 4*s = -24, s = y - 5. Suppose -h = 0, -5*j - y*h = -j - 24. Calculate the remainder when m(j) is divided by 1.
0
Let b = -19 + 13. Calculate the remainder when 24 is divided by (b/8)/((-6)/72).
6
Let h = -49 - -104. Suppose 5*o - b = -2, 0 = 5*o - 5*b + 11 - 1. Let y(z) = z**2 + z + 19. Calculate the remainder when h is divided by y(o).
17
Suppose 392 = -5*b + 12*b. What is the remainder when b is divided by 12?
8
Let x = -38 + 43. What is the remainder when 11 is divided by x?
1
Suppose 5*l - 40 = -0*l. Calculate the remainder when 9 is divided by l.
1
Calculate the remainder when (-6)/(-8) - 91/(-28) is divided by 3.
1
Let i = -277 - 6. Let w = 447 + i. Suppose 3*d + d = w. Calculate the remainder when d is divided by 14.
13
Suppose 0 = 4*p - 2*f + 15 - 63, 0 = -p - f + 15. Calculate the remainder when p is divided by 4.
1
Let l(f) = 2*f**3 + f**2 - 4*f + 3. What is the remainder when l(2) is divided by 6?
3
Let s(z) = z**3 + 2*z**2 + 5*z + 1. Let a be s(-4). Let i = 89 + a. What is the remainder when i is divided by 13?
12
Suppose q = -0*d - 5*d + 30, d = -5*q + 54. Let f = 1 - -1. Suppose o + 4 = f*g + 19, -o - 3*g = -25. Calculate the remainder when o is divided by q.
9
Let z(s) = -31*s - 4. Let g be z(-3). Let m = g + -49. Suppose 2*f + 5*a = -13, 2*f - 2*a - m = -3*f. What is the remainder when f is divided by 4?
2
What is the remainder when 19 is divided by (-4)/(-16)*4 - -6?
5
Let l be 59 + (0 - -2) + -1. Suppose -f - 2*f = -l. Calculate the remainder when f is divided by 11*(-2)/(-4 - -2).
9
Suppose -95 = -3*g - 2*g + 5*p, g - 25 = 3*p. What is the remainder when 46 is divided by g?
14
Let v = -17 - -21. Calculate the remainder when v is divided by 2.
0
Suppose -2*b = -8 - 6. Calculate the remainder when 61 is divided by (-16)/56 + 149/b.
19
Suppose -4*u + i + 23 = -14, 3*u - 36 = -2*i. What is the remainder when (832/65)/(2/u) is divided by 33?
31
Calculate the remainder when 63 is divided by (2 + 0)*24/3.
15
Let h(o) = 2*o**2 - o - 2. Let p be h(-3). Suppose 5*z = -l + 19, 4*z - 2*l - p = l. What is the remainder when 11 is divided by z?
3
Suppose 3*g - 137 = -2*m, -5*m + 5*g - 340 = -10*m. What is the remainder when m is divided by 23?
21
Calculate the remainder when 54 is divided by (-21)/(-14) + 106/4.
26
Let t(a) be the second derivative of a**2 + 0 + 1/20*a**5 - a**3 + 2*a + 2/3*a**4. Calculate the remainder when t(-8) is divided by 17.
16
Let m be ((-12)/(-4) + -4)*19. Calculate the remainder when 2/(-1) - (m + 6) is divided by 7.
4
Suppose 41 - 14 = q. What is the remainder when q is divided by 7